p**2 + 13*p + 10. Let l(x) = 2*q(x) + 3*z(x). Suppose 20 = -r - 3*r. Calculate l(r).
3
Let l(c) = -c + 2. Suppose 3*t - 5*t + 14 = 0. Let o be 2 + -1 - -2 - t. Let y(s) = 1. Let n(k) = o*l(k) + 12*y(k). What is n(-3)?
-8
Let m(f) be the second derivative of -f**8/6720 - f**7/315 - 7*f**6/720 - f**5/30 - 7*f**4/3 + 7*f. Let y(v) be the third derivative of m(v). Determine y(-7).
-4
Let j = 1838 + -1832. Let f(z) be the first derivative of j*z - 5 - 3/2*z**2. Give f(4).
-6
Let i = 103 + -89. Suppose 2*m + i = 2. Let y(v) = 2*v - 6*v - 3 - v**2 - 4*v. Determine y(m).
9
Let o be -2 + (-26)/(-12) + (-44)/(-24). Let x(i) = o + i + 3*i + 2 - 5. Calculate x(-2).
-9
Let o(c) = 2*c - 18. Let d(t) = 61*t - 47. Let p be d(1). What is o(p)?
10
Let a(y) = y**2 + 8*y + 7. Let g = 4 + -12. Let x be (g/(-16))/((-2)/20). Give a(x).
-8
Let q = -1424 + 1427. Let j(l) = l**2 - 3*l + 4. Give j(q).
4
Let l = 22 - -5. Let v = l - 30. Let s(k) = -k**3 - 2*k**2 + 3. Determine s(v).
12
Let a(d) = d**3 - 7*d**2 - 10*d + 1. Let w(k) = 5*k**3 - 36*k**2 - 53*k + 2. Let n(r) = -11*a(r) + 2*w(r). Determine n(5).
13
Let a(w) = -15 - 70*w + 75*w + 5. Let v(z) = 4*z - 9. Let s(r) = 2*a(r) - 3*v(r). Calculate s(-7).
21
Let d(a) be the second derivative of 1/20*a**5 + 0 + 4*a - 5/12*a**4 - 1/6*a**3 + 0*a**2. Calculate d(5).
-5
Let h(r) = -36*r**3 - r**2 - 10*r - 8. Let t(k) = 69*k**3 + 2*k**2 + 18*k + 15. Let p(m) = 11*h(m) + 6*t(m). Give p(1).
19
Let n(d) = -10*d - 1. Suppose 3*f - 4*q + 8*q = -5, 7 = -3*f - 5*q. Let c(k) = -k. Let u(s) = f*c(s) - n(s). Give u(2).
19
Let l(v) be the third derivative of 0 + 1/60*v**5 + 1/24*v**4 - 3/2*v**3 - 4*v**2 + 0*v. Let j(k) = -k**2 + 5*k - 4. Let x be j(4). Calculate l(x).
-9
Let f(y) be the first derivative of 12 - y + 1 - 53*y**2 + 102*y**2 - 46*y**2. What is f(3)?
17
Suppose 0 = 2*u - 4*r + 16, -5*r + 4 = -4*u - 13. Let c(q) = 21*q + u + 22*q - 42*q. Calculate c(-4).
-2
Suppose 3*i = -2614 + 2590. Let d(w) = -w**2 - 7*w + 1. Calculate d(i).
-7
Let s be 5 + 44/(-9) + 445/45. Let n(y) = -3*y + 12. Give n(s).
-18
Let m(b) = -5*b + 7. Let v be m(2). Let j(w) be the second derivative of -w**3/3 - w**2 - 7*w. Determine j(v).
4
Let k(v) = v**2 + v + 12. Suppose -4*m - 8 = -24. Suppose g = m + 1. Let n = 5 - g. Give k(n).
12
Let n(z) = -z - 10. Let a be n(-15). Let v = -3 + 4. Let l(o) = v + a*o + 4*o - 3*o - o. Give l(-1).
-4
Let k(f) be the second derivative of 2*f**3/3 + 23*f**2/2 - 72*f + 2. Give k(-3).
11
Suppose 2*m - 6 = -j + 11, 4*j = m - 4. Let z(b) = -b**3 + 7*b**2 + 8*b + 9. Give z(m).
9
Suppose -5*k + 14 + 36 = 0. Suppose k*s = 7*s. Let i(b) = 3*b**2 - 3*b - 4. Let h(m) = -4*m**2 + 4*m + 4. Let j(t) = -4*h(t) - 5*i(t). Determine j(s).
4
Let h(q) = -q**2 + 6*q + 9. Let y be h(6). Let i(w) = w**3 - 10*w**2 + 10*w - 3. What is i(y)?
6
Let d(x) be the second derivative of x**5/20 + 5*x**4/12 - 2*x**3/3 + 2*x**2 + 5*x - 6. Give d(-6).
-8
Let j(o) = 4*o - 5. Let f(q) be the third derivative of q**3/6 - 6*q**2. Let u(s) = -5*f(s) - j(s). Calculate u(2).
-8
Let g(b) be the third derivative of 7*b**2 + 0*b - 1/720*b**6 + 0*b**3 - 1/8*b**4 + 0 + 1/40*b**5. Let h(l) be the second derivative of g(l). What is h(6)?
-3
Suppose 2*v - l - 5 = 0, 2*v + l = 4*l + 7. Let h be 14/(-4) + (-2)/(-4). Let k = v + h. Let g(f) = -2*f - 1. Calculate g(k).
1
Suppose 5*s - 1 = 4*s. Let h(z) = -2*z - 7. Let f be h(-6). Let y(c) = 4*c + f*c + c. What is y(s)?
10
Let j be (-10)/(-155) + 7868/(-868). Let y(t) = t**2 + 9*t. Calculate y(j).
0
Let j(m) = m**2 - 7*m + 7. Let r(w) be the second derivative of -w**5/20 + w**4 + 11*w**3/6 + 7*w**2/2 + 3*w. Let s be r(13). Let l = 25 + s. Give j(l).
1
Let b be -1 - -3 - (1 + -13). Suppose -3*t - b = -8. Let q = -3 + t. Let p(h) = -h**2 - 4*h - 1. Determine p(q).
-6
Let m(n) = -4*n - 8. Let q be 2 + -19 + -1 + (-18)/(-3). What is m(q)?
40
Let m(y) = -y**3 - 4*y**2 - 3*y - 1. Let g = 84 - 35. Let p = g - 53. Calculate m(p).
11
Let k(g) be the first derivative of g**4/8 - 5*g**3/3 + 4*g**2 - 10. Let x(u) be the second derivative of k(u). Determine x(7).
11
Let x(u) = -u**3 + 5*u**2 + 5*u - 5. Let j(y) = 6*y**2 + 29*y + 1. Let s be j(-5). Determine x(s).
-11
Let m(b) = -b - 4. Let f be ((-16)/20)/(-1 + 11/10). What is m(f)?
4
Let h = -6 + 3. Let i = h - -10. Let u(o) = -2*o - 1 + 7 - i. Give u(-4).
7
Suppose 2*h = 2*j + 6, -2*j + 0*j + 8 = 5*h. Let y(f) = -4*f**3 - 38 + 36 + 3*f**3 + h*f**3 + 3*f**2. Calculate y(-4).
-18
Let i(j) = -j**3 - 8*j**2 + 8. Suppose y - 646 = -654. Determine i(y).
8
Suppose -5*f + 6 = -h, -5*h + 4*f - 5*f = -22. Let d(b) = -5*b**2 - 2*b + 5. Let c(x) = -x**2 - x + 1. Let v(g) = -4*c(g) + d(g). Give v(h).
-7
Let g = 3 + -5. Let n = 40 + -38. Let m(r) = r + 2*r**2 + r**2 + 2 - 2*r**n + 0*r. Give m(g).
4
Let c(w) be the third derivative of -w**5/60 - 7*w**4/24 - 5*w**3/6 - 40*w**2. Let x(d) = -d - 5. Let i be x(-3). Let y be ((-1)/i)/((-2)/16). Calculate c(y).
7
Let z(u) = -u - 5. Let t be 1 + (-4)/(16/(-108)). Suppose 4*d + 8 = -t. Determine z(d).
4
Let j(z) = -13*z**3 + 13*z**2 - 12*z - 7. Let p(t) = 38*t**3 - 37*t**2 + 34*t + 20. Let m(x) = 17*j(x) + 6*p(x). What is m(1)?
7
Suppose 26*i + 22 = 28*i. Suppose -2*u - 27 = -i. Let r(y) = y**3 + 9*y**2 + 5*y - 10. Calculate r(u).
14
Let o(z) be the second derivative of 5*z - 1/6*z**3 + 0 + 0*z**2. Determine o(-1).
1
Let m = -13 + 19. Let k(s) = s - 6 - 6*s**2 + m. Determine k(1).
-5
Let p(o) = 13*o**2 - 48*o**3 + 49*o**3 - 4 - 10*o**2 - o. Suppose i + 0 + 4 = 0. Determine p(i).
-16
Let d(t) = t + 1. Let j(k) = -5*k - 6. Let l(s) = -6*s - 6. Let a(o) = 5*j(o) - 4*l(o). Let f be a(-5). Calculate d(f).
0
Let y(p) be the first derivative of -p**3/3 + p - 239. Suppose -4*k - 7 = -3. Calculate y(k).
0
Let r(y) = -y**3 + 25*y**2 - 35*y + 268. Let i be r(24). Let v(h) = -h**3 + 5*h**2 + 2*h - 4. Calculate v(i).
20
Let i = 19 - 13. Let l be (20/(-30))/(1/i). Let g(k) be the second derivative of -k**3/6 - k**2 - 2*k. What is g(l)?
2
Let h(l) = 13*l**2 + 29*l - 23. Let t(p) = -3*p**2 - 7*p + 6. Let w(c) = -2*h(c) - 9*t(c). Let v be w(-7). Let o(n) = -n + 3. What is o(v)?
-3
Let k(n) = -n**3 - 6*n**2 - 5*n. Let m = -606 + 602. Determine k(m).
-12
Let b be 18 - 8 - (0 + 1). Let v(f) = -2 + 0 + b*f + 2*f - 10*f. Calculate v(-2).
-4
Let d = -567 - -570. Let j(t) = 2*t**3 - 3*t**2 - 3*t. Calculate j(d).
18
Let u(t) = t**3 - 2*t**2 + t + 1. Let r(z) = z**2 - z - 1. Let i(m) = -2*r(m) - u(m). Let s = 7 + -9. Let l = s + 2. What is i(l)?
1
Let w(n) = n**2 + 6*n + 3. Let g = 15 + -11. Suppose 51 = g*z + 3*r, 4*z = r + 27 + 4. Let f(c) = -c + 5. Let l be f(z). Calculate w(l).
-5
Let h be 0/(-6 + 4) - 3. Let q(i) = -9*i**3 - 23*i**2 - 23*i + 12. Let x(z) = -4*z**3 - 11*z**2 - 11*z + 6. Let t(o) = h*q(o) + 7*x(o). Calculate t(-6).
-18
Let p(x) = 88*x**2 + 288*x - 11. Let s(g) = -118*g**2 - 396*g + 15. Let i(l) = -11*p(l) - 8*s(l). Let c be (-5)/(-4) + 1/(-4). Determine i(c).
-23
Let p(v) be the second derivative of 0 + 0*v**2 - 44*v - 3/4*v**4 + 0*v**3. Calculate p(1).
-9
Suppose 0 = 2*d - 4*r - 4, -d - 2 = 3*r + 6. Let t(z) be the third derivative of z**5/60 - z**4/24 + 51*z**2 + 8. Determine t(d).
6
Let z(i) = -2*i**3 + 3*i**2 - i - 1. Suppose -14 = -9*n + 2*n. What is z(n)?
-7
Suppose h - m - 7 = -2*h, -5*m - 3 = h. Let i(w) be the second derivative of 3*w + 0*w**2 + 0 - 1/6*w**3. Calculate i(h).
-2
Suppose -5*r = 0, 2*k - 2*r = 2*r - 4. Let i(s) be the second derivative of -s**5/10 - s**4/3 - s**3/3 + s**2 + 5*s + 8. Give i(k).
6
Let i(k) be the third derivative of k**4/6 + 7*k**2 - 1. Determine i(1).
4
Let y(g) = g**2 + 9*g - 23. Let o be y(-11). Let z be (((-30)/9)/o)/((-2)/3). Let q(i) = i**2 + 5*i - 2. Give q(z).
-2
Let v(u) = -u**3 + 6*u**2 - 3*u + 1. Suppose -2*h + 16 = c + 7, 2*h = 3*c - 3. Determine v(h).
19
Let x(o) = 4*o - 3. Let d(a) = 5*a - 3. Let p(s) = -2*d(s) + 3*x(s). Let b(h) = -16*h + 27. Let z be b(2). Give p(z).
-13
Let o(n) = 7*n**2. Suppose 0*v = -2*v - 4*a + 84, -v = 5*a - 57. Suppose -4 = -v*r + 28*r. Give o(r).
7
Let n(l) be the third derivative of -l**4/24 + 13*l**3/3 + 341*l**2. Determine n(0).
26
Let x(s) = s**3 + 4*s**2 - 6*s - 1. Let f(o) = -o**3 - o - 2. Let u be f(0). Let p be (7 - (-4 - -5)) + u. Suppose -p*v + v = 15. Give x(v).
4
Let u(o